e
Is 606223 a prime number?
True
Is 60757 a prime number?
True
Is 64709 prime?
True
Is 96517 a prime number?
True
Is 8203 prime?
False
Is 214647 prime?
False
Is 62071 prime?
True
Is 542371 a composite number?
False
Is 533653 a prime number?
False
Is 115417 a prime number?
False
Is 9649 a composite number?
False
Is 4161518 a composite number?
True
Is 33679 a prime number?
True
Is 3247 composite?
True
Is 1115 prime?
False
Is 34999 prime?
False
Is 289235 a prime number?
False
Is 115541 a composite number?
True
Is 16759 a prime number?
True
Is 1989539 composite?
True
Is 10687 a prime number?
True
Is 7621 prime?
True
Is 2237 a prime number?
True
Is 162407 composite?
True
Is 158519 a composite number?
False
Is 13522 a prime number?
False
Is 284083 prime?
True
Is 3587 a composite number?
True
Is 27589 composite?
True
Is 29009 composite?
False
Is 332041 a composite number?
True
Is 14786 a prime number?
False
Is 117677 a composite number?
True
Is 4537805 a composite number?
True
Is 5303 a prime number?
True
Is 58661 prime?
True
Is 15103 prime?
False
Is 161043 composite?
True
Is 99823 a prime number?
True
Is 46523 composite?
False
Is 149 prime?
True
Is 92033 prime?
True
Is 32083 composite?
False
Is 11467 a composite number?
False
Is 3758119 a prime number?
False
Is 1367 a prime number?
True
Is 60943 a composite number?
False
Is 29597 composite?
True
Is 12319 a prime number?
False
Is 83155 composite?
True
Is 33739 a composite number?
False
Is 125003 composite?
False
Is 137909 composite?
False
Is 955 a prime number?
False
Is 13655 a composite number?
True
Is 35251 prime?
True
Is 34187 prime?
False
Is 7247 a composite number?
False
Is 23003 prime?
True
Is 14621 a composite number?
False
Is 4507 a prime number?
True
Is 1035547 a composite number?
False
Is 80554 composite?
True
Is 10577 a prime number?
False
Is 1012031 a prime number?
True
Is 79259 a prime number?
True
Is 16771 prime?
False
Is 274579 composite?
False
Is 1962715 composite?
True
Is 17774 prime?
False
Is 32909 a prime number?
True
Is 1245551 a composite number?
False
Is 176801 prime?
False
Is 1527151 composite?
True
Is 9007 composite?
False
Is 10361 composite?
True
Is 9571 composite?
True
Is 86453 a composite number?
False
Is 159409 a prime number?
False
Is 517 prime?
False
Is 592946 a prime number?
False
Is 424951 a composite number?
True
Is 2317 prime?
False
Is 50287 a composite number?
False
Is 6881 a prime number?
False
Is 2159 composite?
True
Is 21701 a prime number?
True
Is 1405 a prime number?
False
Is 84259 prime?
False
Is 30739 prime?
False
Is 749 a composite number?
True
Is 16543 composite?
True
Is 527159 prime?
True
Is 82319 a prime number?
False
Is 9083 a prime number?
False
Is 112121 a composite number?
False
Is 21337 composite?
True
Is 55307 a composite number?
True
Is 7771 a prime number?
False
Is 205009 a prime number?
False
Is 14699 composite?
False
Is 23726 composite?
True
Is 123905 composite?
True
Is 2047811 a composite number?
False
Is 24607 a composite number?
True
Is 21959 a composite number?
True
Is 65957 a prime number?
True
Is 71683 a prime number?
False
Is 64919 composite?
False
Is 616766 composite?
True
Is 8857 prime?
False
Is 14923 a prime number?
True
Is 2599 composite?
True
Is 35177 prime?
False
Is 323 prime?
False
Is 9521 a composite number?
False
Is 1763 prime?
False
Is 9643 prime?
True
Is 448957 composite?
True
Is 90223 composite?
True
Is 1541 a composite number?
True
Is 7891 prime?
False
Is 215421 composite?
True
Is 28349 a composite number?
False
Is 869 composite?
True
Is 128669 a composite number?
False
Is 506567 composite?
True
Is 10369 prime?
True
Is 2333 a prime number?
True
Is 23723 prime?
False
Is 113357 prime?
True
Is 49781 composite?
True
Is 1358197 a prime number?
True
Is 11721 a prime number?
False
Is 184211 a prime number?
True
Is 5121035 a composite number?
True
Is 93089 composite?
False
Is 87697 a composite number?
False
Is 176017 a prime number?
True
Is 13523 composite?
False
Is 16111 a composite number?
False
Is 2747 composite?
True
Is 24573 prime?
False
Is 29509 a prime number?
False
Is 82893 prime?
False
Is 13843 composite?
True
Is 35023 composite?
False
Is 143053 composite?
False
Is 21623 prime?
False
Is 10694 prime?
False
Is 360497 a composite number?
False
Is 179669 a prime number?
False
Is 31631 a composite number?
True
Is 484483 a prime number?
False
Is 41759 a composite number?
False
Is 66449 a prime number?
True
Is 66211 prime?
False
Is 419533 a composite number?
True
Is 188603 prime?
True
Is 513083 a composite number?
False
Is 1939 a prime number?
False
Is 47941 a prime number?
False
Is 968017 a prime number?
True
Is 8939 a composite number?
True
Is 1948277 composite?
True
Is 26443 composite?
True
Is 203917 composite?
True
Is 7069 prime?
True
Is 93921 composite?
True
Is 2837 a prime number?
True
Is 1587167 prime?
True
Is 1733 a composite number?
False
Is 1559 a composite number?
False
Is 6463 composite?
True
Is 6449 a composite number?
False
Is 4171 composite?
True
Is 150767 a composite number?
False
Is 745 composite?
True
Is 166939 composite?
True
Is 10819 prime?
False
Is 463673 prime?
False
Is 1919 a prime number?
False
Is 10903 composite?
False
Is 1418 composite?
True
Is 264071 a prime number?
True
Is 67111 a composite number?
True
Is 96953 a composite number?
False
Is 273029 composite?
False
Is 96037 a prime number?
False
Is 31957 prime?
True
Is 4197 prime?
False
Is 237959 a composite number?
False
Is 14797 composite?
False
Is 18771 composite?
True
Is 149239 prime?
True
Is 70799 composite?
True
Is 270509 prime?
True
Is 13639 a prime number?
False
Is 1346 a composite number?
True
Is 29287 a composite number?
False
Is 587377 composite?
True
Is 2167 composite?
True
Is 24819 a composite number?
True
Is 20791 prime?
False
Is 386341 composite?
True
Is 13637 a prime number?
False
Is 707573 composite?
False
Is 18751 composite?
True
Is 290791 a composite number?
False
Is 204635 composite?
True
Is 527 a prime number?
False
Is 18839 a composite number?
False
Is 20249 composite?
False
Is 8483 composite?
True
Is 53569 composite?
False
Is 803549 prime?
True
Is 1534907 prime?
False
Is 61453 a composite number?
True
Is 153817 a composite number?
False
Is 34837 prime?
False
Is 1601953 a composite number?
False
Is 967 prime?
True
Is 33247 prime?
True
Is 251327 composite?
True
Is 1449093 a composite number?
True
Is 297529 composite?
True
Is 22105 a composite number?
True
Is 86711 prime?
True
Is 24877 composite?
False
Is 130769 a composite number?
False
Is 32933 prime?
True
Is 9871 prime?
True
Is 59539 a composite number?
False
Is 221513 composite?
True
Is 804911 composite?
True
Is 21961 prime?
True
Is 679597 composite?
False
Is 64399 prime?
True
Is 377155 composite?
True
Is 461773 composite?
True
Is 67063 prime?
False
Is 69145 a prime number?
False
Is 59197 prime?
True
Is 89266 a composite number?
True
Is 10729 a composite number?
False
Is 11566 composite?
True
Is 11777 a prime number?
True
Is 8209 composite?
False
Is 315983 a composite number?
True
Is 333386 composite?
True
Is 468661 a prime number?
True
Is 42962 a prime number?
False
Is 493847 a composite number?
True
Is 94771 prime?
True
Is 353843 composite?
True
Is 57347 prime?
True
Is 1071529 composite?
False
Is 301747 a composite number?
False
Is 179651 a prime number?
True
Is 9859 prime?
True
Is 14519 prime?
True
Is 22613 prime?
True
Is 7471 a composite number?
True
Is 145063 a composite number?
False
Is 6803 a composite number?
False
Is 134267 a composite number?
True
Is 1006 a composite number?
True
Is 15619 a composite number?
False
Is 613723 prime?
False
Is 3652063 prime?
True
Is 48073 prime?
True
Is 8209 composite?
False
Is 61441 a composite number?
False
Is 30062 a prime number?
False
Is 659137 a prime number?
True
Is 9521 composite?
False
Is 444701 composite?
False
Is 59951 a composite number?
False
Is 16759 prime?
True
Is 337 a prime number?
True
Is 556957 a composite number?
False
Is 7297 composite?
False
Is 11947 composite?
True
Is 827117 a composite number?
True
Is 701 composite?
False
Is 21883 composite?
True
Is 521603 composite?
False
Is 686461 prime?
False
Is 80663 prime?
False
Is 3607 a composite number?
False
Is 323 prime?
False
Is 4373 prime?
True
Is 4289 composite?
False